Let t(h) = h**2 + 3*h. Let o be t(u). What is the greatest common factor of c and o?
10
Let f = 6 + 14. Let k be 2 + (-4)/2 + f. What is the greatest common divisor of 50 and k?
10
Let m be ((-4)/(-12))/(2/6). Calculate the greatest common divisor of 3 and m.
1
Let u be ((-10)/(-3))/(6/9). Suppose -u*y + 5*i = 5, -2*y + 7 = 3*i - 2*i. Calculate the greatest common divisor of y and 3.
1
Let u = -6 + 24. Let z = -4 + 15. Let n = u - z. Calculate the greatest common factor of n and 14.
7
Suppose 18 = 11*s - 4. Suppose -3*o = -o - 20. What is the greatest common factor of o and s?
2
Suppose 0 = -4*z + 3*y + 17, 5*z - 5 - 2 = -y. Suppose z*f - 7*f = p - 49, 3*p - 12 = 0. Calculate the highest common factor of 90 and f.
9
Let o be 54*3*(-8)/(-72). Suppose u - 110 = 52. What is the greatest common factor of o and u?
18
Suppose -5*w + 150 = 5*r, 5*w - 2*r - 115 = -0*w. What is the greatest common divisor of w and 100?
25
Let q = 51 - -92. What is the highest common factor of 13 and q?
13
Let b be ((-378)/(-56))/(6/(-16)). Let g = b - -26. Calculate the greatest common divisor of g and 8.
8
Let f = 4 + -4. Let a = f - -18. What is the greatest common divisor of 45 and a?
9
Let u(p) = 333*p**2 + 4*p + 4. Let m be u(-1). What is the highest common divisor of m and 37?
37
Suppose 4*p = 243 + 29. Let j = p + -29. What is the highest common factor of j and 13?
13
Let t(d) = -d**2 + d + 10. Let q be t(0). Let k be 1044/15 + 2/5. Calculate the greatest common divisor of q and k.
10
Suppose 2*y - 16 + 4 = 0. Calculate the greatest common divisor of 6 and y.
6
Let t be -7 - -6 - -116*(0 + 2). Calculate the greatest common divisor of 33 and t.
33
Let t(y) = y**3 - y**2 + 13. Let j be t(0). What is the highest common factor of 52 and j?
13
Let m = 4 - -8. Calculate the greatest common factor of 8 and m.
4
Let o(p) = 7*p**2 + 1. Let i be o(-1). What is the greatest common factor of i and 24?
8
Suppose -3*i + 74 + 313 = 0. What is the greatest common factor of i and 43?
43
Let s = 5 - 1. Let g be (-46)/(-6) + (-2)/(-6). Suppose f - g = -f. Calculate the greatest common factor of f and s.
4
Let z(i) = i**2 + 5*i - 19. Let p be z(-8). What is the greatest common factor of 15 and p?
5
Let w(i) = i**3 - 9*i**2 + 2*i + 3. Let l be w(9). Calculate the highest common divisor of 147 and l.
21
Let r = -4 + 8. Suppose -t - r = -67. Let h(f) = -10*f**3 - f**2 + f + 1. Let c be h(-1). Calculate the highest common factor of c and t.
9
Let u(g) = g**3 + 5*g**2 - 7*g - 3. Let d be u(-6). Suppose 0 = -w - d - 9. Let a = w - -18. Calculate the highest common divisor of 2 and a.
2
Suppose 2*s + 3*l + 0*l = -8, 0 = 3*s - 5*l - 26. Let q(j) = 3 + 0*j + s*j - 2. Let v be q(1). What is the highest common factor of 1 and v?
1
Let s = -1 + -4. Let n be 12/30 + (-358)/s. What is the highest common divisor of n and 9?
9
Suppose -3*u - 5*i = -3*i - 61, -79 = -4*u - 5*i. Let w = -40 - -47. Calculate the greatest common divisor of w and u.
7
Suppose u = 8 + 11. Calculate the greatest common factor of 152 and u.
19
Suppose -126 - 49 = -5*h. What is the highest common divisor of h and 14?
7
Let v = -64 + 42. Let w = 2 - v. Calculate the greatest common factor of w and 3.
3
Suppose 3*q + 58 = 3*o - 56, 0 = -o + 3. Let m(k) = -k**3 - 2*k**2 + 3*k + 7. Let p be m(-6). Let c = p + q. What is the highest common factor of c and 14?
14
Let b(d) be the first derivative of -d**3/3 - d**2/2 + 6*d + 1. Let m be b(0). Calculate the highest common factor of 66 and m.
6
Suppose 3*t - 42 = 198. What is the greatest common factor of t and 10?
10
Let q be -1 - -4 - (2 - (2 + 10)). What is the highest common divisor of q and 91?
13
Let a be -1 + (-3 + 13 - 3). What is the highest common factor of 66 and a?
6
Let r = 209 - 114. Suppose -2*j + 10 = 0, -20 = -2*q - 4*j + 38. What is the highest common divisor of q and r?
19
Let x be -2 + (4 - 1) + 6. Calculate the highest common factor of 56 and x.
7
Suppose -4*s + 4 = -0*s + 3*d, 2*s - 2*d - 16 = 0. Suppose 3*k + 3*z = z + 50, -2*k + s*z + 12 = 0. What is the greatest common divisor of k and 35?
7
Suppose h = -11 + 57. Calculate the greatest common factor of h and 69.
23
Let y(o) = 29*o + 6. Let k(j) = 30*j + 7. Let v(l) = 4*k(l) - 5*y(l). Let f be v(-4). Calculate the highest common factor of f and 14.
14
Let v(f) = -f**2 + 3 + 0*f - f**2 + 0*f**2 + 3*f. Let w be v(3). Let c be (2/w)/(2/(-306)). Calculate the highest common divisor of c and 34.
17
Let a = 4 - 4. Suppose a = 2*j - 0*j - 32. Suppose 0 = -l + j + 14. Calculate the greatest common divisor of l and 6.
6
Suppose 10 = 3*h - 20. Let t = h + -8. Let k(f) = 5*f - 2. Let c be k(t). Calculate the highest common divisor of c and 56.
8
Let c(o) = 39*o - 3. Let h be c(5). Calculate the greatest common divisor of 16 and h.
16
Let x be (-1)/3 + 1312/12. Suppose 0 = 3*d + 7 - x. Suppose 3*k + 184 + 86 = 3*r, -2*k = r - 75. Calculate the highest common factor of r and d.
17
Let u be ((-4)/3)/((-6)/(-693)). Let d = 264 + u. Calculate the greatest common divisor of d and 10.
10
Let c(d) = d**3 - 7*d**2 + 2*d - 9. Let s be c(7). Let q = s + 7. Suppose 5*j = -0 + 20. Calculate the greatest common factor of j and q.
4
Let z(k) = k**2 + k - 5. Let w be z(-5). What is the highest common divisor of 165 and w?
15
Let i(b) = 4*b**2 - 10*b + 5 - 4 - 3*b**2. Let p be i(10). Suppose 0*j = j - p. Calculate the greatest common divisor of 6 and j.
1
Suppose -w = -3*v - 3*w + 9, 4*w - 17 = -5*v. Let y be 2*(-6)/8*-2. What is the highest common divisor of v and y?
1
Let v(l) = -l**3 + 8*l**2 - 7*l + 3. Let o be v(7). Calculate the highest common factor of o and 21.
3
Let p be 12 + 0*(-4)/(-12). What is the greatest common divisor of p and 108?
12
Let q = 0 + 2. Suppose 0 = -5*d + h + 75 + 23, -q*d + 36 = -2*h. Suppose 275 - d = 3*i. What is the greatest common factor of i and 17?
17
Let d(r) be the first derivative of r**2/2 - 7*r - 3. Let u be d(10). What is the greatest common divisor of u and 15?
3
Let n = 1 + 0. Let c be ((-2)/n + 169)*1. Suppose 4*g = 57 + c. What is the greatest common factor of 7 and g?
7
Suppose 5*z - 95 = 10. Calculate the highest common factor of 21 and z.
21
Suppose -2*p = 3*v - 20 - 0, 3*v = 5*p + 34. What is the greatest common divisor of v and 40?
8
Let k = -4 + 8. Calculate the highest common divisor of k and 24.
4
Let q(v) = -2*v - 6. Let f be q(-14). Suppose 0 = -22*z + 26*z - 440. Calculate the highest common factor of z and f.
22
Suppose -2*t - 3*h - 90 = -0*h, 6 = 3*h. Let w be ((-12)/(-16))/((-1)/t). Suppose -o = -0*o - w. Calculate the highest common divisor of 12 and o.
12
Let x = -5 + 8. Let i be (x/9 + -2)*-3. Let l = 7 - i. Calculate the highest common divisor of l and 18.
2
Suppose 28*o = 26*o + 132. Suppose 5*s = 4*z + 30, 4*z + z = 0. Calculate the greatest common divisor of o and s.
6
Let q(d) = -3*d - 12. Let s be q(-5). Calculate the greatest common divisor of 2 and s.
1
Suppose 6 + 14 = 4*g, 26 = y + 3*g. Let w = -17 - -50. Calculate the highest common factor of y and w.
11
Let r(x) = x**2 + 3*x + 1. Let g(n) = -n - 1. Let p(v) = 2*g(v) + r(v). Let f be p(-2). Let o be 2/(0 - 2)*-11. What is the highest common factor of o and f?
1
Let m = 28 - 17. Let l = -2 + 6. Let q be ((-22)/l)/((-2)/36). Calculate the highest common divisor of q and m.
11
Let b(v) = 3*v**2 + 4*v + 4. Let u be b(-2). Let x(c) = 24*c**2. Let k be (0 - -2)/(-2 - 0). Let r be x(k). Calculate the highest common factor of u and r.
8
Let m be ((-8)/6)/((-11)/297). Suppose q = -9 + m. Calculate the highest common factor of q and 135.
27
Let t = 65 - 35. Suppose i - 3*i = -j + 1, -4*j - 5*i = -t. What is the greatest common factor of j and 20?
5
Let s(o) = -13*o. Let p be s(-3). Let z be (-2)/1*(-4)/2. Let v be (-26)/2*z/(-2). What is the greatest common factor of p and v?
13
Let t = 239 - 129. Suppose -2*p + 27 = -17. Calculate the highest common divisor of t and p.
22
Suppose -7*m + 9*m = 54. What is the greatest common divisor of m and 18?
9
Let z(l) = -7*l - 1. Let u(q) = -q**2 - q + 4. Let g be u(-3). Let b be z(g). Calculate the greatest common divisor of 117 and b.
13
Let h(x) = -x**2 - 6*x + 7. Let k be h(-4). Suppose -2*l + a = -24, -2*a + k = l - a. What is the greatest common divisor of 91 and l?
13
Let b 